{"id":1027,"date":"2024-08-19T19:19:10","date_gmt":"2024-08-19T17:19:10","guid":{"rendered":"http:\/\/cecilemachin.com\/?page_id=1027"},"modified":"2024-08-27T14:49:20","modified_gmt":"2024-08-27T12:49:20","slug":"creation-conservatoire-vienne-2024-classique","status":"publish","type":"page","link":"https:\/\/cecilemachin.com\/index.php\/creation-conservatoire-vienne-2024-classique\/","title":{"rendered":"Semaine de la danse 2024 \/ classique"},"content":{"rendered":"\t\t<div data-elementor-type=\"wp-page\" data-elementor-id=\"1027\" class=\"elementor elementor-1027\">\n\t\t\t\t<div class=\"elementor-element elementor-element-c4f6ce2 e-flex e-con-boxed e-con e-parent\" data-id=\"c4f6ce2\" data-element_type=\"container\" data-e-type=\"container\">\n\t\t\t\t\t<div class=\"e-con-inner\">\n\t\t\t\t<div class=\"elementor-element elementor-element-1fa5cc2 elementor-widget elementor-widget-image\" data-id=\"1fa5cc2\" data-element_type=\"widget\" data-e-type=\"widget\" data-widget_type=\"image.default\">\n\t\t\t\t<div class=\"elementor-widget-container\">\n\t\t\t\t\t\t\t\t\t\t\t\t\t\t\t<img fetchpriority=\"high\" decoding=\"async\" width=\"1024\" height=\"596\" src=\"https:\/\/cecilemachin.com\/wp-content\/uploads\/2024\/08\/DSF9734-1024x596.jpg\" class=\"attachment-large size-large wp-image-1044\" alt=\"\" srcset=\"https:\/\/cecilemachin.com\/wp-content\/uploads\/2024\/08\/DSF9734-1024x596.jpg 1024w, https:\/\/cecilemachin.com\/wp-content\/uploads\/2024\/08\/DSF9734-300x175.jpg 300w, https:\/\/cecilemachin.com\/wp-content\/uploads\/2024\/08\/DSF9734-2000x1165.jpg 2000w, https:\/\/cecilemachin.com\/wp-content\/uploads\/2024\/08\/DSF9734-scaled-1536x895.jpg 1536w, https:\/\/cecilemachin.com\/wp-content\/uploads\/2024\/08\/DSF9734-scaled-2048x1193.jpg 2048w\" sizes=\"(max-width: 1024px) 100vw, 1024px\" \/>\t\t\t\t\t\t\t\t\t\t\t\t\t\t\t<\/div>\n\t\t\t\t<\/div>\n\t\t\t\t\t<\/div>\n\t\t\t\t<\/div>\n\t\t<div class=\"elementor-element elementor-element-30cc5b0 e-flex e-con-boxed e-con e-parent\" data-id=\"30cc5b0\" data-element_type=\"container\" data-e-type=\"container\">\n\t\t\t\t\t<div class=\"e-con-inner\">\n\t\t<div class=\"elementor-element elementor-element-fb8b5b1 e-con-full e-flex e-con e-child\" data-id=\"fb8b5b1\" data-element_type=\"container\" data-e-type=\"container\">\n\t\t\t\t<div class=\"elementor-element elementor-element-8ed1a52 elementor-widget elementor-widget-image\" data-id=\"8ed1a52\" data-element_type=\"widget\" data-e-type=\"widget\" data-widget_type=\"image.default\">\n\t\t\t\t<div class=\"elementor-widget-container\">\n\t\t\t\t\t\t\t\t\t\t\t\t\t\t\t<img decoding=\"async\" width=\"929\" height=\"1024\" src=\"https:\/\/cecilemachin.com\/wp-content\/uploads\/2024\/08\/DSF0922-copie-929x1024.jpg\" class=\"attachment-large size-large wp-image-1030\" alt=\"\" srcset=\"https:\/\/cecilemachin.com\/wp-content\/uploads\/2024\/08\/DSF0922-copie-929x1024.jpg 929w, https:\/\/cecilemachin.com\/wp-content\/uploads\/2024\/08\/DSF0922-copie-272x300.jpg 272w, https:\/\/cecilemachin.com\/wp-content\/uploads\/2024\/08\/DSF0922-copie-2000x2204.jpg 2000w, https:\/\/cecilemachin.com\/wp-content\/uploads\/2024\/08\/DSF0922-copie-scaled-1394x1536.jpg 1394w, https:\/\/cecilemachin.com\/wp-content\/uploads\/2024\/08\/DSF0922-copie-scaled-1858x2048.jpg 1858w\" sizes=\"(max-width: 929px) 100vw, 929px\" \/>\t\t\t\t\t\t\t\t\t\t\t\t\t\t\t<\/div>\n\t\t\t\t<\/div>\n\t\t\t\t<\/div>\n\t\t<div class=\"elementor-element elementor-element-0d1125e e-con-full e-flex e-con e-child\" data-id=\"0d1125e\" data-element_type=\"container\" data-e-type=\"container\">\n\t\t\t\t<div class=\"elementor-element elementor-element-e578456 elementor-widget elementor-widget-heading\" data-id=\"e578456\" data-element_type=\"widget\" data-e-type=\"widget\" data-widget_type=\"heading.default\">\n\t\t\t\t<div class=\"elementor-widget-container\">\n\t\t\t\t\t<h2 class=\"elementor-heading-title elementor-size-default\">Costumes Conservatoire Vienne 2024 - classique<\/h2>\t\t\t\t<\/div>\n\t\t\t\t<\/div>\n\t\t\t\t<div class=\"elementor-element elementor-element-881133e elementor-widget elementor-widget-text-editor\" data-id=\"881133e\" data-element_type=\"widget\" data-e-type=\"widget\" data-widget_type=\"text-editor.default\">\n\t\t\t\t<div class=\"elementor-widget-container\">\n\t\t\t\t\t\t\t\t\t<p>Cr\u00e9ation et fabrication de justaucorps \u00e0 manches super volumineuses sur le th\u00e8me Avatar. Inspiration d&#8217;apr\u00e8s les m\u00e9duses fluorescentes et les costumes du film Pauvres cr\u00e9atures (voir photo)<\/p><p>1m de tulle pliss\u00e9 et 3m d&#8217;organza fronc\u00e9 par justau !<\/p><p>Impression maison des motifs. M\u00e9lange de couleur diff\u00e9rent sur chaque justaucorps, pour que l&#8217;ensemble des danseuses forme un ban de poisson.<\/p>\t\t\t\t\t\t\t\t<\/div>\n\t\t\t\t<\/div>\n\t\t\t\t<\/div>\n\t\t\t\t\t<\/div>\n\t\t\t\t<\/div>\n\t\t<div class=\"elementor-element elementor-element-4aa690b e-flex e-con-boxed e-con e-parent\" data-id=\"4aa690b\" data-element_type=\"container\" data-e-type=\"container\">\n\t\t\t\t\t<div class=\"e-con-inner\">\n\t\t<div class=\"elementor-element elementor-element-50463a8 e-con-full e-flex e-con e-child\" data-id=\"50463a8\" data-element_type=\"container\" data-e-type=\"container\">\n\t\t\t\t<\/div>\n\t\t<div class=\"elementor-element elementor-element-33bd54d e-con-full e-flex e-con e-child\" data-id=\"33bd54d\" data-element_type=\"container\" data-e-type=\"container\">\n\t\t\t\t<div class=\"elementor-element elementor-element-a76acbb elementor-widget elementor-widget-image\" data-id=\"a76acbb\" data-element_type=\"widget\" data-e-type=\"widget\" data-widget_type=\"image.default\">\n\t\t\t\t<div class=\"elementor-widget-container\">\n\t\t\t\t\t\t\t\t\t\t\t\t\t\t\t<img decoding=\"async\" width=\"225\" height=\"300\" src=\"https:\/\/cecilemachin.com\/wp-content\/uploads\/2024\/08\/IMG_0897-225x300.jpg\" class=\"attachment-medium size-medium wp-image-1040\" alt=\"\" srcset=\"https:\/\/cecilemachin.com\/wp-content\/uploads\/2024\/08\/IMG_0897-225x300.jpg 225w, https:\/\/cecilemachin.com\/wp-content\/uploads\/2024\/08\/IMG_0897-768x1024.jpg 768w, https:\/\/cecilemachin.com\/wp-content\/uploads\/2024\/08\/IMG_0897-2000x2667.jpg 2000w, https:\/\/cecilemachin.com\/wp-content\/uploads\/2024\/08\/IMG_0897-scaled-1152x1536.jpg 1152w, https:\/\/cecilemachin.com\/wp-content\/uploads\/2024\/08\/IMG_0897-scaled-1536x2048.jpg 1536w, https:\/\/cecilemachin.com\/wp-content\/uploads\/2024\/08\/IMG_0897-scaled.jpg 1920w\" sizes=\"(max-width: 225px) 100vw, 225px\" \/>\t\t\t\t\t\t\t\t\t\t\t\t\t\t\t<\/div>\n\t\t\t\t<\/div>\n\t\t\t\t<\/div>\n\t\t<div class=\"elementor-element elementor-element-4c4c5d4 e-con-full e-flex e-con e-child\" data-id=\"4c4c5d4\" data-element_type=\"container\" data-e-type=\"container\">\n\t\t\t\t<div class=\"elementor-element elementor-element-bf7098d elementor-widget elementor-widget-image\" data-id=\"bf7098d\" data-element_type=\"widget\" data-e-type=\"widget\" data-widget_type=\"image.default\">\n\t\t\t\t<div class=\"elementor-widget-container\">\n\t\t\t\t\t\t\t\t\t\t\t\t\t\t\t<img loading=\"lazy\" decoding=\"async\" width=\"300\" height=\"300\" src=\"https:\/\/cecilemachin.com\/wp-content\/uploads\/2024\/08\/IMG_0898-300x300.jpg\" class=\"attachment-medium size-medium wp-image-1041\" alt=\"\" srcset=\"https:\/\/cecilemachin.com\/wp-content\/uploads\/2024\/08\/IMG_0898-300x300.jpg 300w, https:\/\/cecilemachin.com\/wp-content\/uploads\/2024\/08\/IMG_0898-1024x1024.jpg 1024w, https:\/\/cecilemachin.com\/wp-content\/uploads\/2024\/08\/IMG_0898-150x150.jpg 150w, https:\/\/cecilemachin.com\/wp-content\/uploads\/2024\/08\/IMG_0898-2000x2000.jpg 2000w, https:\/\/cecilemachin.com\/wp-content\/uploads\/2024\/08\/IMG_0898-scaled-1536x1536.jpg 1536w, https:\/\/cecilemachin.com\/wp-content\/uploads\/2024\/08\/IMG_0898-scaled-2048x2048.jpg 2048w\" sizes=\"(max-width: 300px) 100vw, 300px\" \/>\t\t\t\t\t\t\t\t\t\t\t\t\t\t\t<\/div>\n\t\t\t\t<\/div>\n\t\t\t\t<\/div>\n\t\t\t\t\t<\/div>\n\t\t\t\t<\/div>\n\t\t<div class=\"elementor-element elementor-element-fd2e023 e-con-full e-flex e-con e-parent\" data-id=\"fd2e023\" data-element_type=\"container\" data-e-type=\"container\">\n\t\t<div class=\"elementor-element elementor-element-b652d65 e-con-full e-flex e-con e-child\" data-id=\"b652d65\" data-element_type=\"container\" data-e-type=\"container\">\n\t\t\t\t<div class=\"elementor-element elementor-element-0697f3f elementor-widget elementor-widget-image\" data-id=\"0697f3f\" data-element_type=\"widget\" data-e-type=\"widget\" data-widget_type=\"image.default\">\n\t\t\t\t<div class=\"elementor-widget-container\">\n\t\t\t\t\t\t\t\t\t\t\t\t\t\t\t<img loading=\"lazy\" decoding=\"async\" width=\"768\" height=\"1024\" src=\"https:\/\/cecilemachin.com\/wp-content\/uploads\/2024\/08\/IMG_9349-768x1024.jpg\" class=\"attachment-large size-large wp-image-1033\" alt=\"\" srcset=\"https:\/\/cecilemachin.com\/wp-content\/uploads\/2024\/08\/IMG_9349-768x1024.jpg 768w, https:\/\/cecilemachin.com\/wp-content\/uploads\/2024\/08\/IMG_9349-225x300.jpg 225w, https:\/\/cecilemachin.com\/wp-content\/uploads\/2024\/08\/IMG_9349-2000x2667.jpg 2000w, https:\/\/cecilemachin.com\/wp-content\/uploads\/2024\/08\/IMG_9349-scaled-1152x1536.jpg 1152w, https:\/\/cecilemachin.com\/wp-content\/uploads\/2024\/08\/IMG_9349-scaled-1536x2048.jpg 1536w, https:\/\/cecilemachin.com\/wp-content\/uploads\/2024\/08\/IMG_9349-scaled.jpg 1920w\" sizes=\"(max-width: 768px) 100vw, 768px\" \/>\t\t\t\t\t\t\t\t\t\t\t\t\t\t\t<\/div>\n\t\t\t\t<\/div>\n\t\t\t\t<\/div>\n\t\t<div class=\"elementor-element elementor-element-0a0bfd1 e-con-full e-flex e-con e-child\" data-id=\"0a0bfd1\" data-element_type=\"container\" data-e-type=\"container\">\n\t\t\t\t<div class=\"elementor-element elementor-element-3a14d4e elementor-widget__width-initial elementor-widget elementor-widget-image\" data-id=\"3a14d4e\" data-element_type=\"widget\" data-e-type=\"widget\" data-widget_type=\"image.default\">\n\t\t\t\t<div class=\"elementor-widget-container\">\n\t\t\t\t\t\t\t\t\t\t\t\t\t\t\t<img loading=\"lazy\" decoding=\"async\" width=\"1024\" height=\"768\" src=\"https:\/\/cecilemachin.com\/wp-content\/uploads\/2024\/08\/conservatoire-1024x768.jpg\" class=\"attachment-large size-large wp-image-1036\" alt=\"\" srcset=\"https:\/\/cecilemachin.com\/wp-content\/uploads\/2024\/08\/conservatoire-1024x768.jpg 1024w, https:\/\/cecilemachin.com\/wp-content\/uploads\/2024\/08\/conservatoire-300x225.jpg 300w, https:\/\/cecilemachin.com\/wp-content\/uploads\/2024\/08\/conservatoire-2000x1500.jpg 2000w, https:\/\/cecilemachin.com\/wp-content\/uploads\/2024\/08\/conservatoire-scaled-1536x1152.jpg 1536w, https:\/\/cecilemachin.com\/wp-content\/uploads\/2024\/08\/conservatoire-scaled-2048x1536.jpg 2048w\" sizes=\"(max-width: 1024px) 100vw, 1024px\" \/>\t\t\t\t\t\t\t\t\t\t\t\t\t\t\t<\/div>\n\t\t\t\t<\/div>\n\t\t\t\t<\/div>\n\t\t<div class=\"elementor-element elementor-element-5596108 e-con-full e-flex e-con e-child\" data-id=\"5596108\" data-element_type=\"container\" data-e-type=\"container\">\n\t\t\t\t<\/div>\n\t\t\t\t<\/div>\n\t\t<div class=\"elementor-element elementor-element-078ec71 e-flex e-con-boxed e-con e-parent\" data-id=\"078ec71\" data-element_type=\"container\" data-e-type=\"container\">\n\t\t\t\t\t<div class=\"e-con-inner\">\n\t\t<div class=\"elementor-element elementor-element-e2c09c2 e-con-full e-flex e-con e-child\" data-id=\"e2c09c2\" data-element_type=\"container\" data-e-type=\"container\">\n\t\t\t\t<\/div>\n\t\t<div class=\"elementor-element elementor-element-522bf70 e-con-full e-flex e-con e-child\" data-id=\"522bf70\" data-element_type=\"container\" data-e-type=\"container\">\n\t\t\t\t<div class=\"elementor-element elementor-element-6730575 elementor-widget__width-initial elementor-widget elementor-widget-image\" data-id=\"6730575\" data-element_type=\"widget\" data-e-type=\"widget\" data-widget_type=\"image.default\">\n\t\t\t\t<div class=\"elementor-widget-container\">\n\t\t\t\t\t\t\t\t\t\t\t\t\t\t\t<img loading=\"lazy\" decoding=\"async\" width=\"1024\" height=\"768\" src=\"https:\/\/cecilemachin.com\/wp-content\/uploads\/2024\/08\/IMG_9966-1024x768.jpg\" class=\"attachment-large size-large wp-image-1133\" alt=\"\" srcset=\"https:\/\/cecilemachin.com\/wp-content\/uploads\/2024\/08\/IMG_9966-1024x768.jpg 1024w, https:\/\/cecilemachin.com\/wp-content\/uploads\/2024\/08\/IMG_9966-300x225.jpg 300w, https:\/\/cecilemachin.com\/wp-content\/uploads\/2024\/08\/IMG_9966-2000x1500.jpg 2000w, https:\/\/cecilemachin.com\/wp-content\/uploads\/2024\/08\/IMG_9966-scaled-1536x1152.jpg 1536w, https:\/\/cecilemachin.com\/wp-content\/uploads\/2024\/08\/IMG_9966-scaled-2048x1536.jpg 2048w\" sizes=\"(max-width: 1024px) 100vw, 1024px\" \/>\t\t\t\t\t\t\t\t\t\t\t\t\t\t\t<\/div>\n\t\t\t\t<\/div>\n\t\t\t\t<\/div>\n\t\t\t\t\t<\/div>\n\t\t\t\t<\/div>\n\t\t<div class=\"elementor-element elementor-element-c41dfbd e-con-full e-flex e-con e-parent\" data-id=\"c41dfbd\" data-element_type=\"container\" data-e-type=\"container\">\n\t\t\t\t<div class=\"elementor-element elementor-element-3fc6b5b elementor-widget elementor-widget-image\" data-id=\"3fc6b5b\" data-element_type=\"widget\" data-e-type=\"widget\" data-widget_type=\"image.default\">\n\t\t\t\t<div class=\"elementor-widget-container\">\n\t\t\t\t\t\t\t\t\t\t\t\t\t\t\t<img loading=\"lazy\" decoding=\"async\" width=\"1024\" height=\"354\" src=\"https:\/\/cecilemachin.com\/wp-content\/uploads\/2024\/08\/DSF0912-1-1024x354.jpg\" class=\"attachment-large size-large wp-image-1032\" alt=\"\" srcset=\"https:\/\/cecilemachin.com\/wp-content\/uploads\/2024\/08\/DSF0912-1-1024x354.jpg 1024w, https:\/\/cecilemachin.com\/wp-content\/uploads\/2024\/08\/DSF0912-1-300x104.jpg 300w, https:\/\/cecilemachin.com\/wp-content\/uploads\/2024\/08\/DSF0912-1-2000x691.jpg 2000w, https:\/\/cecilemachin.com\/wp-content\/uploads\/2024\/08\/DSF0912-1-scaled-1536x531.jpg 1536w, https:\/\/cecilemachin.com\/wp-content\/uploads\/2024\/08\/DSF0912-1-scaled-2048x708.jpg 2048w\" sizes=\"(max-width: 1024px) 100vw, 1024px\" \/>\t\t\t\t\t\t\t\t\t\t\t\t\t\t\t<\/div>\n\t\t\t\t<\/div>\n\t\t\t\t<\/div>\n\t\t<div class=\"elementor-element elementor-element-2b8c67f e-con-full e-flex e-con e-parent\" data-id=\"2b8c67f\" data-element_type=\"container\" data-e-type=\"container\">\n\t\t\t\t<div class=\"elementor-element elementor-element-e781f95 elementor-widget elementor-widget-image\" data-id=\"e781f95\" data-element_type=\"widget\" data-e-type=\"widget\" data-widget_type=\"image.default\">\n\t\t\t\t<div class=\"elementor-widget-container\">\n\t\t\t\t\t\t\t\t\t\t\t\t\t\t\t<img loading=\"lazy\" decoding=\"async\" width=\"768\" height=\"448\" src=\"https:\/\/cecilemachin.com\/wp-content\/uploads\/2024\/08\/DSF9724-scaled-e1724089966322-768x448.jpg\" class=\"attachment-medium_large size-medium_large wp-image-1042\" alt=\"\" srcset=\"https:\/\/cecilemachin.com\/wp-content\/uploads\/2024\/08\/DSF9724-scaled-e1724089966322-768x448.jpg 768w, https:\/\/cecilemachin.com\/wp-content\/uploads\/2024\/08\/DSF9724-scaled-e1724089966322-300x175.jpg 300w, https:\/\/cecilemachin.com\/wp-content\/uploads\/2024\/08\/DSF9724-scaled-e1724089966322-1024x598.jpg 1024w, https:\/\/cecilemachin.com\/wp-content\/uploads\/2024\/08\/DSF9724-scaled-e1724089966322-1536x897.jpg 1536w, https:\/\/cecilemachin.com\/wp-content\/uploads\/2024\/08\/DSF9724-scaled-e1724089966322-2048x1196.jpg 2048w, https:\/\/cecilemachin.com\/wp-content\/uploads\/2024\/08\/DSF9724-scaled-e1724089966322-2000x1168.jpg 2000w\" sizes=\"(max-width: 768px) 100vw, 768px\" \/>\t\t\t\t\t\t\t\t\t\t\t\t\t\t\t<\/div>\n\t\t\t\t<\/div>\n\t\t\t\t<\/div>\n\t\t<div class=\"elementor-element elementor-element-64be6c9 e-flex e-con-boxed e-con e-parent\" data-id=\"64be6c9\" data-element_type=\"container\" data-e-type=\"container\">\n\t\t\t\t\t<div class=\"e-con-inner\">\n\t\t\t\t<div class=\"elementor-element elementor-element-addb960 elementor-widget elementor-widget-image\" data-id=\"addb960\" data-element_type=\"widget\" data-e-type=\"widget\" data-widget_type=\"image.default\">\n\t\t\t\t<div class=\"elementor-widget-container\">\n\t\t\t\t\t\t\t\t\t\t\t\t\t\t\t<img loading=\"lazy\" decoding=\"async\" width=\"1024\" height=\"534\" src=\"https:\/\/cecilemachin.com\/wp-content\/uploads\/2024\/08\/DSF9818-1024x534.jpg\" class=\"attachment-large size-large wp-image-1051\" alt=\"\" srcset=\"https:\/\/cecilemachin.com\/wp-content\/uploads\/2024\/08\/DSF9818-1024x534.jpg 1024w, https:\/\/cecilemachin.com\/wp-content\/uploads\/2024\/08\/DSF9818-300x157.jpg 300w, https:\/\/cecilemachin.com\/wp-content\/uploads\/2024\/08\/DSF9818-scaled-1536x802.jpg 1536w, https:\/\/cecilemachin.com\/wp-content\/uploads\/2024\/08\/DSF9818-scaled-2048x1069.jpg 2048w, https:\/\/cecilemachin.com\/wp-content\/uploads\/2024\/08\/DSF9818-scaled-2000x1044.jpg 2000w\" sizes=\"(max-width: 1024px) 100vw, 1024px\" \/>\t\t\t\t\t\t\t\t\t\t\t\t\t\t\t<\/div>\n\t\t\t\t<\/div>\n\t\t\t\t\t<\/div>\n\t\t\t\t<\/div>\n\t\t\t\t<\/div>\n\t\t","protected":false},"excerpt":{"rendered":"<p>Costumes Conservatoire Vienne 2024 &#8211; classique Cr\u00e9ation et fabrication de justaucorps \u00e0 manches super volumineuses sur le th\u00e8me Avatar. Inspiration [&hellip;]<\/p>\n","protected":false},"author":1,"featured_media":0,"parent":0,"menu_order":0,"comment_status":"closed","ping_status":"closed","template":"","meta":{"site-sidebar-layout":"default","site-content-layout":"","ast-site-content-layout":"default","site-content-style":"default","site-sidebar-style":"default","ast-global-header-display":"","ast-banner-title-visibility":"","ast-main-header-display":"","ast-hfb-above-header-display":"","ast-hfb-below-header-display":"","ast-hfb-mobile-header-display":"","site-post-title":"","ast-breadcrumbs-content":"","ast-featured-img":"","footer-sml-layout":"","ast-disable-related-posts":"","theme-transparent-header-meta":"","adv-header-id-meta":"","stick-header-meta":"","header-above-stick-meta":"","header-main-stick-meta":"","header-below-stick-meta":"","astra-migrate-meta-layouts":"default","ast-page-background-enabled":"default","ast-page-background-meta":{"desktop":{"background-color":"var(--ast-global-color-4)","background-image":"","background-repeat":"repeat","background-position":"center center","background-size":"auto","background-attachment":"scroll","background-type":"","background-media":"","overlay-type":"","overlay-color":"","overlay-opacity":"","overlay-gradient":""},"tablet":{"background-color":"","background-image":"","background-repeat":"repeat","background-position":"center center","background-size":"auto","background-attachment":"scroll","background-type":"","background-media":"","overlay-type":"","overlay-color":"","overlay-opacity":"","overlay-gradient":""},"mobile":{"background-color":"","background-image":"","background-repeat":"repeat","background-position":"center center","background-size":"auto","background-attachment":"scroll","background-type":"","background-media":"","overlay-type":"","overlay-color":"","overlay-opacity":"","overlay-gradient":""}},"ast-content-background-meta":{"desktop":{"background-color":"var(--ast-global-color-5)","background-image":"","background-repeat":"repeat","background-position":"center center","background-size":"auto","background-attachment":"scroll","background-type":"","background-media":"","overlay-type":"","overlay-color":"","overlay-opacity":"","overlay-gradient":""},"tablet":{"background-color":"var(--ast-global-color-5)","background-image":"","background-repeat":"repeat","background-position":"center center","background-size":"auto","background-attachment":"scroll","background-type":"","background-media":"","overlay-type":"","overlay-color":"","overlay-opacity":"","overlay-gradient":""},"mobile":{"background-color":"var(--ast-global-color-5)","background-image":"","background-repeat":"repeat","background-position":"center center","background-size":"auto","background-attachment":"scroll","background-type":"","background-media":"","overlay-type":"","overlay-color":"","overlay-opacity":"","overlay-gradient":""}},"footnotes":""},"class_list":["post-1027","page","type-page","status-publish","hentry"],"_links":{"self":[{"href":"https:\/\/cecilemachin.com\/index.php\/wp-json\/wp\/v2\/pages\/1027","targetHints":{"allow":["GET"]}}],"collection":[{"href":"https:\/\/cecilemachin.com\/index.php\/wp-json\/wp\/v2\/pages"}],"about":[{"href":"https:\/\/cecilemachin.com\/index.php\/wp-json\/wp\/v2\/types\/page"}],"author":[{"embeddable":true,"href":"https:\/\/cecilemachin.com\/index.php\/wp-json\/wp\/v2\/users\/1"}],"replies":[{"embeddable":true,"href":"https:\/\/cecilemachin.com\/index.php\/wp-json\/wp\/v2\/comments?post=1027"}],"version-history":[{"count":29,"href":"https:\/\/cecilemachin.com\/index.php\/wp-json\/wp\/v2\/pages\/1027\/revisions"}],"predecessor-version":[{"id":1139,"href":"https:\/\/cecilemachin.com\/index.php\/wp-json\/wp\/v2\/pages\/1027\/revisions\/1139"}],"wp:attachment":[{"href":"https:\/\/cecilemachin.com\/index.php\/wp-json\/wp\/v2\/media?parent=1027"}],"curies":[{"name":"wp","href":"https:\/\/api.w.org\/{rel}","templated":true}]}}