{"id":661,"date":"2024-02-25T20:23:42","date_gmt":"2024-02-25T19:23:42","guid":{"rendered":"http:\/\/cecilemachin.com\/?page_id=661"},"modified":"2024-08-19T18:03:15","modified_gmt":"2024-08-19T16:03:15","slug":"la-force-de-la-farce-groupe-f_tm_s","status":"publish","type":"page","link":"https:\/\/cecilemachin.com\/index.php\/la-force-de-la-farce-groupe-f_tm_s\/","title":{"rendered":"La force de la Farce &#8211; groupe F_T^M_S"},"content":{"rendered":"<style>\/*! elementor - v3.20.0 - 26-03-2024 *\/\n.elementor-widget-image{text-align:center}.elementor-widget-image a{display:inline-block}.elementor-widget-image a img[src$=\".svg\"]{width:48px}.elementor-widget-image img{vertical-align:middle;display:inline-block}<\/style>\n<p>\t\t\t\t\t\t\t\t\t\t<img fetchpriority=\"high\" decoding=\"async\" width=\"768\" height=\"1024\" src=\"http:\/\/cecilemachin.com\/wp-content\/uploads\/2024\/02\/farce-5-768x1024.webp\" alt=\"\" srcset=\"http:\/\/cecilemachin.com\/wp-content\/uploads\/2024\/02\/farce-5-768x1024.webp 768w, http:\/\/cecilemachin.com\/wp-content\/uploads\/2024\/02\/farce-5-225x300.webp 225w, http:\/\/cecilemachin.com\/wp-content\/uploads\/2024\/02\/farce-5-1152x1536.webp 1152w, http:\/\/cecilemachin.com\/wp-content\/uploads\/2024\/02\/farce-5-scaled.webp 1440w\" sizes=\"100vw\" \/>\t\t\t\t\t\t\t\t\t\t\t\t\t<\/p>\n<style>\/*! elementor - v3.20.0 - 26-03-2024 *\/\n.elementor-heading-title{padding:0;margin:0;line-height:1}.elementor-widget-heading .elementor-heading-title[class*=elementor-size-]>a{color:inherit;font-size:inherit;line-height:inherit}.elementor-widget-heading .elementor-heading-title.elementor-size-small{font-size:15px}.elementor-widget-heading .elementor-heading-title.elementor-size-medium{font-size:19px}.elementor-widget-heading .elementor-heading-title.elementor-size-large{font-size:29px}.elementor-widget-heading .elementor-heading-title.elementor-size-xl{font-size:39px}.elementor-widget-heading .elementor-heading-title.elementor-size-xxl{font-size:59px}<\/style>\n<h2>La force de la farce, Groupe F_T^M_S<\/h2>\n<p>Projet port\u00e9 par le duo g\u00e9nial\u00a0 Guillaume Baillart &amp; Francois Herpeux !<\/p>\n<p>Cr\u00e9ation costumes avec beaucoup de pr\u00e9cisions : achats et retouches &amp; fabrication. Seul en sc\u00e8ne avec de multiples changements : toge romaine, peignoir, costumes, perruque, survetement&#8230;<\/p>\n<p>\/\/\/<\/p>\n<p>Musique et son : <strong>Marie Nachury<\/strong><\/p>\n<p>Lumi\u00e8res : <strong>Yan Godat<\/strong> ; Sc\u00e9nographie : <strong>J\u00e9r\u00f4me Perez<\/strong>\u00a0<\/p>\n<p>R\u00e9gie g\u00e9n\u00e9rale et plateau : <strong>Elvire Tapie <\/strong><\/p>\n<p>R\u00e9gie lumi\u00e8re : <strong>Cl\u00e9ment Soumy<\/strong><\/p>\n<p>Coproductions : <strong>Th\u00e9\u00e2tre Nouvelle G\u00e9n\u00e9ration \u2013 Lyon, Th\u00e9\u00e2tre Saint Gervais \u2013 Gen\u00e8ve, Lieu Unique \u2013 Nantes<\/strong><\/p>\n<p>\u00a0<\/p>\n<p>\t\t\t\t\t\t\t\t\t\t\t\t\t<img decoding=\"async\" width=\"768\" height=\"1024\" src=\"http:\/\/cecilemachin.com\/wp-content\/uploads\/2024\/02\/IMG_8180-768x1024.webp\" alt=\"\" srcset=\"http:\/\/cecilemachin.com\/wp-content\/uploads\/2024\/02\/IMG_8180-768x1024.webp 768w, http:\/\/cecilemachin.com\/wp-content\/uploads\/2024\/02\/IMG_8180-225x300.webp 225w, http:\/\/cecilemachin.com\/wp-content\/uploads\/2024\/02\/IMG_8180-1152x1536.webp 1152w, http:\/\/cecilemachin.com\/wp-content\/uploads\/2024\/02\/IMG_8180-scaled.webp 1440w\" sizes=\"100vw\" \/><br \/>\n\t\t\t\t\t\t\t\t\t\t\t\t\t<img decoding=\"async\" width=\"768\" height=\"1024\" src=\"http:\/\/cecilemachin.com\/wp-content\/uploads\/2024\/02\/IMG_8203-1-768x1024.webp\" alt=\"\" srcset=\"http:\/\/cecilemachin.com\/wp-content\/uploads\/2024\/02\/IMG_8203-1-768x1024.webp 768w, http:\/\/cecilemachin.com\/wp-content\/uploads\/2024\/02\/IMG_8203-1-225x300.webp 225w, http:\/\/cecilemachin.com\/wp-content\/uploads\/2024\/02\/IMG_8203-1-1152x1536.webp 1152w, http:\/\/cecilemachin.com\/wp-content\/uploads\/2024\/02\/IMG_8203-1-scaled.webp 1440w\" sizes=\"100vw\" \/><br \/>\n\t\t\t\t\t\t\t\t\t\t\t\t\t<img loading=\"lazy\" decoding=\"async\" width=\"768\" height=\"1024\" src=\"http:\/\/cecilemachin.com\/wp-content\/uploads\/2024\/08\/IMG_8213-768x1024.jpg\" alt=\"\" srcset=\"http:\/\/cecilemachin.com\/wp-content\/uploads\/2024\/08\/IMG_8213-768x1024.jpg 768w, http:\/\/cecilemachin.com\/wp-content\/uploads\/2024\/08\/IMG_8213-225x300.jpg 225w, http:\/\/cecilemachin.com\/wp-content\/uploads\/2024\/08\/IMG_8213-2000x2667.jpg 2000w, http:\/\/cecilemachin.com\/wp-content\/uploads\/2024\/08\/IMG_8213-scaled-1152x1536.jpg 1152w, http:\/\/cecilemachin.com\/wp-content\/uploads\/2024\/08\/IMG_8213-scaled-1536x2048.jpg 1536w, http:\/\/cecilemachin.com\/wp-content\/uploads\/2024\/08\/IMG_8213-scaled.jpg 1920w\" sizes=\"100vw\" \/><br \/>\n\t\t\t\t\t\t\t\t\t\t\t\t\t<img loading=\"lazy\" decoding=\"async\" width=\"1440\" height=\"1920\" src=\"http:\/\/cecilemachin.com\/wp-content\/uploads\/2024\/02\/IMG_7496-scaled.webp\" alt=\"\" srcset=\"http:\/\/cecilemachin.com\/wp-content\/uploads\/2024\/02\/IMG_7496-scaled.webp 1440w, http:\/\/cecilemachin.com\/wp-content\/uploads\/2024\/02\/IMG_7496-225x300.webp 225w, http:\/\/cecilemachin.com\/wp-content\/uploads\/2024\/02\/IMG_7496-768x1024.webp 768w, http:\/\/cecilemachin.com\/wp-content\/uploads\/2024\/02\/IMG_7496-1152x1536.webp 1152w\" sizes=\"100vw\" \/><\/p>\n","protected":false},"excerpt":{"rendered":"<p>La force de la farce, Groupe F_T^M_S Projet port\u00e9 par le duo g\u00e9nial\u00a0 Guillaume Baillart &amp; Francois Herpeux ! Cr\u00e9ation [&hellip;]<\/p>\n","protected":false},"author":1,"featured_media":0,"parent":0,"menu_order":0,"comment_status":"closed","ping_status":"closed","template":"","meta":{"site-sidebar-layout":"no-sidebar","site-content-layout":"","ast-site-content-layout":"full-width-container","site-content-style":"default","site-sidebar-style":"default","ast-global-header-display":"","ast-banner-title-visibility":"","ast-main-header-display":"","ast-hfb-above-header-display":"","ast-hfb-below-header-display":"","ast-hfb-mobile-header-display":"","site-post-title":"disabled","ast-breadcrumbs-content":"","ast-featured-img":"disabled","footer-sml-layout":"","ast-disable-related-posts":"","theme-transparent-header-meta":"","adv-header-id-meta":"","stick-header-meta":"","header-above-stick-meta":"","header-main-stick-meta":"","header-below-stick-meta":"","astra-migrate-meta-layouts":"default","ast-page-background-enabled":"default","ast-page-background-meta":{"desktop":{"background-color":"var(--ast-global-color-4)","background-image":"","background-repeat":"repeat","background-position":"center center","background-size":"auto","background-attachment":"scroll","background-type":"","background-media":"","overlay-type":"","overlay-color":"","overlay-opacity":"","overlay-gradient":""},"tablet":{"background-color":"","background-image":"","background-repeat":"repeat","background-position":"center center","background-size":"auto","background-attachment":"scroll","background-type":"","background-media":"","overlay-type":"","overlay-color":"","overlay-opacity":"","overlay-gradient":""},"mobile":{"background-color":"","background-image":"","background-repeat":"repeat","background-position":"center center","background-size":"auto","background-attachment":"scroll","background-type":"","background-media":"","overlay-type":"","overlay-color":"","overlay-opacity":"","overlay-gradient":""}},"ast-content-background-meta":{"desktop":{"background-color":"var(--ast-global-color-5)","background-image":"","background-repeat":"repeat","background-position":"center center","background-size":"auto","background-attachment":"scroll","background-type":"","background-media":"","overlay-type":"","overlay-color":"","overlay-opacity":"","overlay-gradient":""},"tablet":{"background-color":"var(--ast-global-color-5)","background-image":"","background-repeat":"repeat","background-position":"center center","background-size":"auto","background-attachment":"scroll","background-type":"","background-media":"","overlay-type":"","overlay-color":"","overlay-opacity":"","overlay-gradient":""},"mobile":{"background-color":"var(--ast-global-color-5)","background-image":"","background-repeat":"repeat","background-position":"center center","background-size":"auto","background-attachment":"scroll","background-type":"","background-media":"","overlay-type":"","overlay-color":"","overlay-opacity":"","overlay-gradient":""}},"footnotes":""},"class_list":["post-661","page","type-page","status-publish","hentry"],"_links":{"self":[{"href":"https:\/\/cecilemachin.com\/index.php\/wp-json\/wp\/v2\/pages\/661","targetHints":{"allow":["GET"]}}],"collection":[{"href":"https:\/\/cecilemachin.com\/index.php\/wp-json\/wp\/v2\/pages"}],"about":[{"href":"https:\/\/cecilemachin.com\/index.php\/wp-json\/wp\/v2\/types\/page"}],"author":[{"embeddable":true,"href":"https:\/\/cecilemachin.com\/index.php\/wp-json\/wp\/v2\/users\/1"}],"replies":[{"embeddable":true,"href":"https:\/\/cecilemachin.com\/index.php\/wp-json\/wp\/v2\/comments?post=661"}],"version-history":[{"count":26,"href":"https:\/\/cecilemachin.com\/index.php\/wp-json\/wp\/v2\/pages\/661\/revisions"}],"predecessor-version":[{"id":993,"href":"https:\/\/cecilemachin.com\/index.php\/wp-json\/wp\/v2\/pages\/661\/revisions\/993"}],"wp:attachment":[{"href":"https:\/\/cecilemachin.com\/index.php\/wp-json\/wp\/v2\/media?parent=661"}],"curies":[{"name":"wp","href":"https:\/\/api.w.org\/{rel}","templated":true}]}}